3 - h**2 + 10*h - 5. Calculate the remainder when z(-5) is divided by 10.
5
What is the remainder when (30/8)/(((-20)/144)/(-5)) is divided by 17?
16
Let k(d) = 13 - d + 2*d + 5 - 5. Calculate the remainder when 26 is divided by k(-6).
5
Let f(y) = y**3 + 9*y**2 + 4*y + 2. Let o be (-1)/2*(3 - 7). Suppose -d = 5*w - o, -4*d - 25 - 9 = -w. What is the remainder when f(d) is divided by 18?
16
Let x = -10 - -23. Let d(m) = -5*m - 8. Let y(o) = -3*o - 5. Let q(p) = -5*d(p) + 8*y(p). Calculate the remainder when q(x) is divided by 5.
3
Suppose -i - 18 = -83. Let r(k) = -k**3 + 6*k**2 - 3. Let d be r(6). What is the remainder when i is divided by (-2)/(0 - d/(-33))?
21
Let r = -23 + 38. Calculate the remainder when 56 is divided by r.
11
Suppose r - 3*r - 2*n + 32 = 0, -3*r + 2*n = -48. Let x = -25 + 72. What is the remainder when x is divided by r?
15
Let x(j) = -j**3 + j**2 + 3*j - 2. Let n be x(2). Let s = 8 - n. What is the remainder when 29 is divided by s?
5
Suppose 2*a - 9 = 19. Calculate the remainder when 41 is divided by a.
13
Let z(c) = 2*c**3 + 1. Let l be z(1). Suppose -4*v + i + 7 = -l, 4*v - 18 = 5*i. What is the remainder when 5 is divided by v?
1
Suppose z = 2*z - 16. What is the remainder when 91 is divided by z?
11
Let j be (2 - 6)/(1/(-2)). Calculate the remainder when (-34 - -1)/(j - 9) is divided by 18.
15
Let l(h) = -29*h**3 + h + 2. Calculate the remainder when l(-1) is divided by 11.
8
Suppose 0 = 3*p + 11 - 83. Suppose -v + 2 = -3*v - 2*z, -3*v + 13 = -z. What is the remainder when p is divided by v/(-9)*39*-1?
11
Let f = 3 - -11. Calculate the remainder when f is divided by 5.
4
Let w be (-2)/(-7) + (-130)/(-35). Suppose -5*z = -2*j - 63, w*j = z - 0*j - 9. Suppose 42 + 58 = 4*d. Calculate the remainder when d is divided by z.
12
Suppose -q + 5 = 0, 29 - 13 = 3*a - q. Let j = 12 - -7. Calculate the remainder when j is divided by a.
5
Let q = 41 - 67. Let b = -21 - q. What is the remainder when 19 is divided by b?
4
Let l = -2 - -1. Let z be 0/(l/(2 + -3)). Suppose 3*g - 2 = -a, z*a + 4 = 2*a + 3*g. What is the remainder when a is divided by 1?
0
Let h be (-64)/(-12) + 1/(-3). Suppose 2*g - 3 = h*x - 11, -3*x + 24 = 2*g. Calculate the remainder when 22 is divided by g.
4
Let n(v) = 2*v - 1. Calculate the remainder when -74*1/(-4)*2 is divided by n(7).
11
Let q = -6 + 3. Let d(y) = -y**3 - 4*y**2 - 5*y - 3. Let k be d(q). Calculate the remainder when 15 is divided by (-2)/((-2)/7) - k.
3
Suppose -3*n - 4*b + 12 = n, 5*b - 13 = -4*n. Suppose 3*m = -5*o + 72, 3*m + 20 = n*o + 2*m. What is the remainder when 35 is divided by o?
11
Let d(f) = -f**2 + 12*f - 1. Let h = -15 - -6. Let l = 21 + h. Calculate the remainder when d(6) is divided by l.
11
Suppose -2*j + 5*g + 45 = 2*j, -3*j = 5*g - 25. Calculate the remainder when 2 is divided by (-49)/(-35) - 4/j.
0
Let n = 51 - 35. What is the remainder when 42 is divided by n?
10
Suppose 59 = 2*h - 33. Calculate the remainder when h is divided by 8.
6
Calculate the remainder when 19 + 1/(-1) + 2 is divided by 22/3 + -1 - (-76)/114.
6
Let z = -20 + 14. Let q = z - -32. Suppose x - q = -x. What is the remainder when x is divided by 7?
6
Suppose -5*u + 7 = 2. Let h be (6 - 7) + 1/u. Calculate the remainder when (h + -50)*(-1)/2 is divided by 9.
7
Let f(x) = 13*x**3 - x. Let w be f(1). Let z be 18/(-21)*(w + 2). What is the remainder when 23 is divided by (z/9)/(2/(-18))?
11
Let u(z) = z**3 + 5*z**2 + 2*z. What is the remainder when -1*5/15*-99 is divided by u(-3)?
9
Let v = 1 - 0. Suppose -2*y = 3*g - 8 - 4, 3*g = -5*y + 21. Suppose -3*f - 5*c = -20, 5*c + v = g*f - 4. What is the remainder when 14 is divided by f?
4
Let t(z) = -2*z - 6. Let w be -3 + 4/(-2) + 0. Let a be t(w). Let y(c) = 3*c - 1. Calculate the remainder when 21 is divided by y(a).
10
Suppose 2*j + j - 63 = 0. Let c(a) = -9*a + 2. Calculate the remainder when j is divided by c(-1).
10
Let m = 2 + -2. Let i = 17 + m. Calculate the remainder when -8*(-6 - (-5 - -3)) is divided by i.
15
Let f be -3*(-2 + 8/3). Let q = -19 + 46. Calculate the remainder when q is divided by (2 + 3/f)*14.
6
Let q(a) = -a**2 + 2*a - 3. Let d be q(2). Let o = 1 - d. Suppose 3*v - o*v = -1. Calculate the remainder when 1 is divided by v.
0
Let p(l) = -3*l + 2*l + 2 + 0 + 10. Suppose 3*h - 67 = -7. What is the remainder when h is divided by p(5)?
6
Let q(m) = 12*m**2 - 3*m - 1. Let v(i) = 9*i - 90. Let x(y) = 2. Let l(z) = 2*v(z) + 90*x(z). Calculate the remainder when q(-2) is divided by l(1).
17
Let n(o) = -o**2 - 6*o + 3. Let p = 5 + -11. What is the remainder when 11 is divided by n(p)?
2
Suppose 26 - 6 = 5*a, -4*a + 19 = 3*k. Suppose k = -z - 26. Calculate the remainder when z/(1/(-1)) - -2 is divided by 10.
9
Suppose 0 = -4*x + 37 + 87. Suppose -k + 2*k = 8. What is the remainder when x is divided by k?
7
Let l = 6 + -7. Calculate the remainder when 19 is divided by 3*l + (15 - 1).
8
Suppose 0 = -9*p + 11*p - 16. What is the remainder when 165 is divided by p?
5
Let s(b) = 2*b**2 + b + 1. Suppose z = -0 - 1. What is the remainder when s(z) is divided by 1?
0
Suppose 2*g + 2*g - 8 = 0. Suppose -4*o + 3*o - 8 = -4*b, -b + 11 = g*o. What is the remainder when 5 is divided by b - (3 + -2 + -1)?
2
Let w(d) = d**2 - 3*d - 4. Let g be w(4). Let s be (1 + 0)/(-3 + 2). Calculate the remainder when 5 is divided by g + 0 + 2 - s.
2
Let y = -8 + 26. What is the remainder when y is divided by 10?
8
Suppose -2*y + 20 = -6. Suppose -4*w - 20 = 12. What is the remainder when 12/w*152/(-6) is divided by y?
12
Suppose v = 3*v. Suppose v = 4*f - 2*f - 4. Suppose f*y - 2*w - 60 = -6*w, -y = -w - 15. Calculate the remainder when y is divided by 7.
6
Suppose 2*i = i + 3. Calculate the remainder when 5 is divided by i.
2
Suppose -10 - 5 = -5*y. Suppose r + 4 = y*r. What is the remainder when 2 is divided by r?
0
Let k = 7 - -8. Let y(h) = 15*h - 2. What is the remainder when y(3) is divided by k?
13
Let m(d) = -d**2 + 12*d - 3. Calculate the remainder when (-4)/14 - 1056/(-21) is divided by m(10).
16
Let t(j) = 2*j + 4. Calculate the remainder when 30 is divided by t(2).
6
Suppose -p = 3*p - 52. What is the remainder when 49 is divided by p?
10
Suppose 0 = -w + 3*y - 4, -4*w + 3*y + 2 + 0 = 0. Suppose 3*j - 2*f + 29 - 84 = 0, w*j = -4*f + 26. What is the remainder when 49 is divided by j?
15
Suppose 4*h + 67 = v, 4*h + 7 - 23 = 0. Calculate the remainder when v is divided by 14.
13
Let y(h) = h**3 + 7*h**2 + 5*h. Let n be y(-6). Suppose 52 = 10*l - n*l. Calculate the remainder when 50 is divided by l.
11
Let i(r) = -10*r - 30. What is the remainder when i(-13) is divided by 17?
15
Let n(a) be the first derivative of -a**3/3 - 7*a**2/2 + a - 2. Calculate the remainder when 21 is divided by n(-5).
10
Let b(k) = k + 9. Let u be b(-5). Suppose -4*a = 5*z - 64, -u*z + z + 38 = 2*a. What is the remainder when 22 is divided by z?
10
Let a(w) = -w**2 + 19*w - 27. Calculate the remainder when 125 is divided by a(16).
20
Let u = 89 + -42. Suppose x - 120 = -4*x. Calculate the remainder when u is divided by x.
23
Let o(w) = 6*w - 1. Suppose 0 = 5*u - 10*u - 5. Let f = 14 + u. What is the remainder when f is divided by o(1)?
3
Let i = 3 + 18. What is the remainder when 61 is divided by i?
19
Suppose -5*t - 47 - 3 = 0. Let s(p) = -p**3 - 11*p**2 - 11*p. Calculate the remainder when 17 is divided by s(t).
7
Let l(v) = -2*v - 7. Let k be l(-5). Suppose -k*m - 12 = -4*z + 1, -24 = -2*z - 2*m. Calculate the remainder when 18 is divided by z.
4
Let c = 15 - 9. Calculate the remainder when 11 is divided by c.
5
Suppose 5*y + 56 = -5*p + 401, 2*y = 5*p - 345. Calculate the remainder when p is divided by 36.
33
Suppose 4*i - 4*d = 42 - 10, 2*d = 5*i - 31. Let x = -85 - -121. Suppose h + x = 4*h. Calculate the remainder when h is divided by i.
2
Let t(l) = -l**3 - 3*l**2 + 5*l + 9. Let k be t(-4). Suppose 0 = 3*c - k*c + 22. Calculate the remainder when 21 is divided by c.
10
Let y = 30 + -8. What is the remainder when y is divided by 3/((-14)/8 + 2)?
10
Let y = -6 + 9. Suppose -5*f = y*z - f + 8, -2*z + 4*f - 12 = 0. Let v = z - -11. Calculate the remainder when 19 is divided by v.
5
Suppose w = -0*w. Suppose a - 3*a = -4. Suppose -a*y - 4 = 0, w = t + 3*y - 0*y - 6. Calculate th